Let k = -48 - -54. Determine s(k).
-7
Let q(w) be the first derivative of -w**3/6 + w**2 - 95*w + 198. Let o(u) be the first derivative of q(u). Let h = 2 + -6. Determine o(h).
6
Let v(o) = -1498*o + 755*o + 2 + 746*o. Determine v(-2).
-4
Suppose -2843 = 5*b - 2838. Let p(m) = -14*m**2 + 2*m + 2. Calculate p(b).
-14
Let r(h) be the third derivative of h**4/6 - 7*h**3/2 + 160*h**2 - 2*h. Give r(8).
11
Let n(l) be the second derivative of -l**3/6 - 21*l**2 - 13*l - 135. Determine n(7).
-49
Let k(u) = -87*u + 33*u - u**3 + 26*u + 3*u**2 + 32*u - 4. Give k(4).
-4
Let n(b) = b**2 + 4*b - 6. Let c = 168 + -101. Let t = c + -54. Suppose -2*d - t = -3. Determine n(d).
-1
Let l(t) = 187605*t + 8 - 187601*t + 35. What is l(-9)?
7
Let y(m) be the second derivative of 3/2*m**2 + 0 - 6*m + 1/2*m**3. Let a be 1/((1/4*4)/(-5)). Give y(a).
-12
Let x(t) be the second derivative of -49*t**4/6 - 3195*t. Determine x(1).
-98
Let r(a) = a**2 - 3*a - 5. Suppose -4*j + 32 = -3*j - 5*f, 3*j - 42 = -3*f. Suppose -4*v + z - 6*z = -j, -3*v - 4*z = -12. Suppose -3 + v = m. Determine r(m).
5
Let w(p) be the second derivative of -p**5/20 - p**4/2 + 3*p**3/2 + 5*p**2 + p. Let s = 232 + -229. Suppose 9*z - s = -66. Calculate w(z).
-4
Let z = -25 + 27. Suppose -4*a - 3*q = -17, -5*a + 4*q = z*q - 4. Let g be (0 + -2)*(-2 - (-5)/a). Let t(p) = 4*p**2. Determine t(g).
4
Let k(n) = n - 4. Let y(h) = -2*h + 12. Let z be 8/5*(-95 - -10)/17. Let m(r) = z*k(r) - 3*y(r). Suppose 0*w - w - 6 = 0. Give m(w).
8
Let j(w) = -252*w - w**2 + 80*w + 86*w + 71*w - 3*w**2. What is j(-3)?
9
Let u = 341 - 339. Let z(h) = 145*h + 6 - 297*h - h**3 + 147*h + 6*h**u. Determine z(4).
18
Let j(q) = q**3 - 30*q**2 - 3*q + 59. Let l be 23 - (36/(-120) + (-5)/50*67). Determine j(l).
-31
Suppose -16*y + 3*y - 130 = 0. Let f be y/50 - 1/((-15)/48). Let h be -6 - (f - 12/3). Let l(s) = -s**2 + 2. What is l(h)?
-23
Let s be (200/(-120))/(4/3)*4. Let y(t) = 2. Let i(n) = n + 2. Let w(x) = -4*i(x) + 3*y(x). Determine w(s).
18
Let g(n) be the second derivative of n**6/360 + 17*n**5/120 + 7*n**4/12 - 187*n**3/6 - 55*n. Let b(h) be the second derivative of g(h). Determine b(-16).
-2
Let f(y) = -y + 2996 + 4*y + 2978 - 5948. Calculate f(0).
26
Suppose 0 = 3*u - z + 1, 2*u + 237*z = 239*z - 2. Let h(l) = 2*l**2 + 13. Let f(o) = o**2 + 6. Let g(x) = 7*f(x) - 3*h(x). Give g(u).
3
Let m(s) = -22*s**2 + 4*s - 73. Let c(l) = 7*l**2 - l. Let w(v) = -3*c(v) - m(v). Calculate w(0).
73
Let j(r) = 3*r**2 - r - 1. Let v be 13 + (-12)/2 - 91. Let l be v/(-63)*(-1)/(-4)*-3. Determine j(l).
3
Let x(k) = k**3 + 6*k**2 - 3*k. Let y = 3501 - 3507. Determine x(y).
18
Suppose -x - 2*h = -5*h - 25, 3*h = 2*x - 35. Let v be ((-6)/21 - 50/(-28))/(414/1932). Suppose x = -2*p + v*p. Let o(y) = -7*y. Give o(p).
-14
Let s(p) = 772*p**3 + 23*p**2 + 9 - 771*p**3 - 4. Let k be s(-23). Let u(n) = -n**2 + 7*n - 5. Calculate u(k).
5
Suppose 0 = -6*q - 0*q - 3*q. Let l be (2 + q)*-1 + 0 + 5. Let d(b) = 0 + 1 - 4*b - 1083*b**3 + l*b**2 + 1084*b**3. Determine d(-4).
1
Let x(p) = -p**2 + 10*p + 6. Let r(o) = 2*o. Let i(f) = 2*r(f) - x(f). Let y = 134 - 127. What is i(y)?
1
Let m(j) = -3*j**3 - j**2 + 2*j - 1. Let y(s) = 8*s**3 + 3*s**2 - 5*s + 2. Let c(v) = 11*m(v) + 4*y(v). Let t = -506358 - -506360. Give c(t).
-3
Let w = -26 - -29. Suppose 3*z = w*n - 57, 0 = z + z + 2. Let r = n + -11. Let c(u) = u - 3. Determine c(r).
4
Suppose 490*u - 3293 - 403 - 714 = 0. Let m(p) be the second derivative of -p**4/6 + 3*p**3 - 5*p**2 - p. What is m(u)?
-10
Let u(o) = -2*o**2 - 45*o - 44. Let f(y) = -7*y**2 + 146*y - 382. Let n be f(18). What is u(n)?
-22
Suppose i = -4*f + 8 + 6, 0 = -3*i + f + 3. Let m(v) = 2*v + 2*v**3 + 0*v - 3*v**3 + 44*v**i - 3 - 36*v**2. Give m(8).
13
Let f(c) be the first derivative of -8 - 1/8*c**4 + 0*c + 4*c**3 + 0*c**2 - 1/120*c**5. Let w(r) be the third derivative of f(r). Calculate w(-10).
7
Let q(l) = 27*l**2 + 271*l + 1472. Let k(z) = 22*z**2 + 217*z + 1177. Let a(r) = -11*k(r) + 9*q(r). Give a(-45).
-14
Let w(h) = -6*h - 1. Let a(q) be the third derivative of 0*q + 0 + 1/3*q**3 + 5/24*q**4 + 2*q**2. Let d(t) = 5*a(t) + 4*w(t). Determine d(-6).
0
Let g = 1 + -18. Let v = -15 - g. Let t(b) = 2*b + 0*b - 4*b**v + 2 + 2*b**2. What is t(2)?
-2
Let i(a) = 3*a + 15. Suppose 40*o - 804 = 241*o. Determine i(o).
3
Suppose -4*a = 5*n - 30, 3*a - 2*a + n = 7. Suppose -4*u + 7 = s - 0, -5*u - 2*s + a = 0. Let i(t) = -6 + t**2 + 2*t - 10*t**3 + 4 + 4*t**u + 3. What is i(-1)?
6
Let s be 2/(-4)*(-1 - 5). Let t(k) be the second derivative of -1/6*k**4 + 0 + 1/2*k**2 - 207*k + 0*k**3 + 1/20*k**5. Determine t(s).
10
Suppose 5*n + 0*n - 35 = 0. Let o(s) = s**3 - 12*s**2 + 5*s - 7. Let a(m) = -m**2 + m - 1. Let k be 1*-2*15/30. Let f(r) = k*o(r) + 5*a(r). What is f(n)?
2
Let r(v) = v**2 + 6*v - 13. Let b be ((-30)/21)/(0 + (-1)/14). Suppose 3*i + j + 16 = 0, 2*j - 9 + b = -3*i. Give r(i).
-6
Suppose -3*v = 5*r + 24, 33*v - 29*v - 14 = r. Let k(a) = a**2 - 5*a + 5. Determine k(v).
-1
Let x be 6/(-75) + (-14496)/50. Let d = -296 - x. Let s(j) = -j**2 - 7*j + 2. Give s(d).
8
Let a be (3 + -4)*(2 + -2)/4. Let v(p) = -4 + 9 + 3 - 4 - 8 - p. What is v(a)?
-4
Let d = -7327 + 7331. Let t(z) = -13*z + 4. Give t(d).
-48
Let f(y) = -3*y + 107. Let u be f(35). Let w(d) = -6*d**u + 5351*d - 5351*d. Determine w(-1).
-6
Let y(w) = -14*w + 11 + 8*w + w**2 - 2*w**2. Let s be 4/(-10)*((29 - 10) + -4). Determine y(s).
11
Let z(f) = -2*f**2 - 1. Let q(d) be the first derivative of -25*d - 1/3*d**3 + 10 + 15/2*d**2. Let g be q(13). Give z(g).
-3
Let i(r) be the second derivative of -r**4/12 + 7*r**3/3 + 13*r**2/2 + 2*r + 96. Determine i(-1).
-2
Let s(m) = 78*m**3 + 179*m**2 - 101*m**2 - 43 - 167*m**3 + 85*m**3 + 42*m. Give s(20).
-3
Let q(b) = -b**3 - 3*b**2 + b - 2. Let g(y) = -2*y**3 - 3*y**2 - 10*y + 4. Let p be g(-5). Let o = p - 233. Determine q(o).
10
Let h(z) be the first derivative of z**3/3 - z**2/2 - 154*z + 130. Let j(g) be the first derivative of h(g). Give j(-1).
-3
Let n(m) = 15*m - 62. Let s(y) = 13*y - 47. Let c(l) = -4*n(l) + 5*s(l). What is c(-1)?
8
Let k be ((-3)/9*0)/(-21 + 26). Let p(q) = -2*q + 66. Determine p(k).
66
Suppose -3*l + z = 23, 0 = -10*l + 7*l + 4*z - 20. Let n = -5 - -6. Let i(p) = -p + n - 3 - 4. Give i(l).
2
Let u(a) = 4*a**2 - 36*a + 10. Let s(g) = 2*g**2 - 17*g + 6. Let m(t) = 13*s(t) - 6*u(t). Give m(4).
30
Let u = 61 - 57. Let t be (-3)/(-6) + (-2)/u. Suppose -3 = -t*v - 3*v. Let i(y) = -6*y**2 - y. Give i(v).
-7
Let w(x) be the third derivative of x**8/20160 + x**7/420 + x**6/60 - x**5/60 - 7*x**4/12 - 9*x**2. Let k(i) be the third derivative of w(i). Give k(-10).
-8
Let f(t) = 7*t + 27 + 32 + 84 - t - t**3 - 10*t**2 - 15*t**2. Let c be f(-25). Let n(y) = y**2 + 7*y - 2. Calculate n(c).
-2
Suppose j + 3 = -2*s + 18, -3*j = -5*s + 21. Let p(c) = -4 - 4*c + 11 + s*c - c + 6. What is p(-13)?
0
Let a(i) = -2*i. Suppose -4*p - 8 = 2*v, -4*v = 3*p - 37 + 28. Suppose -2*w + n = v*n - 18, -3*w - 4*n = -13. Determine a(w).
2
Let k be (722/(-228))/((-1)/(-2)) + (-3)/(-9). Let w(p) = 9*p + 8. Give w(k).
-46
Suppose -14*h + 48 = -2*h. Suppose 4*x + h*a = -8, 0 = -x + 4*x - a - 10. Let c(s) = -s**3 + 3*s**2 - 2*s + 2. Calculate c(x).
2
Suppose -187 = -44*a - 407. Let l(m) = 3*m**2 + 12*m + 18. Let z(r) = r**2 + 4*r + 6. Let n(o) = 4*l(o) - 11*z(o). What is n(a)?
11
Let a(i) = 2*i**2 + 7*i - 1. Let b = 20 - -25. Suppose -3*h = -2*g + b, -3*g - g = 12. Let f be (1*(-2)/6)/(h/(-255)). What is a(f)?
14
Let r(k) be the second derivative of -k**5/20 - 5*k**4/6 - 11*k**3/3 + 13*k**2/2 + 3796*k. Determine r(-6).
1
Let m be (-3038)/637 - 9/39. Let z(x) = -x - 1. Let v be 2*1/(-4)*2. Let o(k) = -3*k + 2. Let u(c) = v*o(c) + 4*z(c). What is u(m)?
-1
Let a(w) = -79*w + 7. Let m(b) = 423*b - 36. Let u(o) = -16*a(o) - 3*m(o). Determine u(6).
-34
Suppose -5*j - 230 = -5*r, 4*j = -0*r + r - 58. Let w = r - 33. Let f(k) = -25*k**2 + 4 + 7*k + 17*k**2 + w*k**2. What is f(-7)?
4
Let i(y) = 9*y - 5. Let x(f) = -f**3 + 60*f**2 + 62*f - 60. Let o be x(61). Give i(o).
4
Let n(t) = t**2 - 21 - t + 80 - 2*t**2 - 11 + 1. Determine n(-7).
7
Let o(k) = -k**2 + 7*k - 3. Suppose -11*r - 39 = -24*r. Give o(r).
9
Let i(x) = 3*x**3 - 6*x**2 - 3*x. Let j(d) = -10*d**3 + 